28*v - 8. What are the prime factors of j(-14)?
2, 2693
Suppose -2*c + 3*b = -38, 10*c + 4*b - 76 = 6*c. Suppose -17*l - 2420 = -c*l. List the prime factors of l.
2, 5, 11
Let f be (-3)/(5 + 1)*(-2 + -20). List the prime factors of 116/4*f + 0.
11, 29
Suppose 220473 + 376380 = 51*d. What are the prime factors of d?
3, 47, 83
Suppose 40*z = 30*z + 8633 - 983. List the prime factors of z.
3, 5, 17
Suppose 75*i = 72*i - 174*i + 10428132. List the prime factors of i.
2, 11, 13, 103
Let s = -7960 + 9033. List the prime factors of s.
29, 37
Let q(d) = 2*d**3 - 3*d**2 - 2*d - 4. Let j be q(4). Suppose 0 = -j*y + 66*y + 1064. What are the prime factors of y?
2, 7, 19
Let f(m) = m**3 - 10*m**2 - 12*m - 29. Let p be f(12). Suppose 104 = 4*r - 0*r + 3*a, a = -r + 25. Suppose 24*o = r*o - p. List the prime factors of o.
23
Let z be -3 - -6 - (-2 + -16) - 3. Suppose 4*l - z = -2. Suppose 0 = -l*u + 5*n + 136, -4*u = -u + 3*n - 129. List the prime factors of u.
3, 13
Let g(r) = 1018*r - 14129. List the prime factors of g(42).
28627
Suppose 3*r + 2*q - 1189 = 0, 3*r - 595*q = -599*q + 1181. Suppose -5*g + 0*g = -1060. Let m = r - g. List the prime factors of m.
11, 17
Let b = -2111 - -1469. Let u = -71 - b. What are the prime factors of u?
571
Suppose 3*i = 4*u - 48247 + 3683, -55705 = -5*u + 5*i. What are the prime factors of u?
13, 857
What are the prime factors of (-7 + 302522/88)*-8*2/(-4)?
13723
Suppose 216650 = 6*h - 22158 + 54050. What are the prime factors of h?
7, 53, 83
Let k = 5 + 403. Suppose -5*b + k = -2*b. Suppose 3*v - 3*f = 222, -3*f - 2*f - b = -2*v. List the prime factors of v.
2, 3, 13
Let r(z) = 2*z**2 - 11*z - 86. What are the prime factors of r(10)?
2
Suppose 10*u - 5 = 5*u. Let n be (u - -3 - 0)*11/(-22). Let s = n - -162. What are the prime factors of s?
2, 5
Suppose 8*s + 54 = 2*s. List the prime factors of -6*s/(-36)*(-1966)/3.
983
Suppose 42*t = 26*t. List the prime factors of (-1 - (-4380)/(-10))*(t - 1).
439
What are the prime factors of -1 + 8/40 - (-988596)/70?
2, 23, 307
Let o(y) = -27 + y**3 + 28*y - 42*y + 24*y - 6*y**2. List the prime factors of o(7).
2, 23
Let w(s) = -s**2 - 14*s - 26. Let l be w(-12). Suppose -r + 11 = -13. What are the prime factors of -1*2*l*690/r?
5, 23
Let p be ((-6)/(-5))/(4 + 1086/(-270)). What are the prime factors of ((-234)/27)/(2/p)?
2, 3, 13
Let d = 33 + -23. Let j(z) = z**2 - 8*z - 15. Let x be j(d). List the prime factors of 331/6 - (124/24 - x).
5, 11
Suppose 1878*t - 1874*t - 20324 = -4*a, 0 = 2*t + 14. What are the prime factors of a?
2, 3, 53
Suppose -12*w = -11*w + 5. Let o be 2/(-5)*w + -13. List the prime factors of (-7 - (-2)/1)*o.
5, 11
Suppose 0 = -4*d + 12, c - 2046 = 4*d + 588. List the prime factors of c.
2, 3, 7
Suppose 2*a + 6 + 78 = -2*p, -4*a = p + 48. List the prime factors of (393/(-4))/(15/p).
2, 131
Let t = 24 - 21. Suppose -t = -6*u + 9. Suppose u*y = 64 + 140. List the prime factors of y.
2, 3, 17
Suppose -28*c + 10137 + 28235 = -8192. List the prime factors of c.
1663
Let i = 4 + -3. Suppose 12*f + 217 = 15*f + 4*o, 3*o = 3. Suppose -i - f = -s. List the prime factors of s.
2, 3
Let k = -4 - -42. Suppose -h = h - k. Suppose -h + 15 = -2*g. What are the prime factors of g?
2
Suppose -12*y = 2*y + 28. Let j be (2*y)/(-2)*30/12. Suppose -j*k = c - 829, -k + 3*c - 6*c = -177. List the prime factors of k.
3, 5, 11
List the prime factors of (0 - (-34205)/(-3))*45*94/(-1175).
2, 3, 6841
Let x be 9 - (-7)/(14/6). Suppose -x*f = 2*f - 23016. What are the prime factors of 5*(-14)/175 - f/(-10)?
2, 41
Let j(g) = 60*g + 14. Let p be j(5). Let w = 606 - p. List the prime factors of w.
2, 73
Let t(j) = -j**3 - 6*j**2 + 7*j - 17. Let u be t(-8). Let r be (-1)/((-15)/7689) + 22/u. Suppose 2*c = 5*c - r. What are the prime factors of c?
3, 19
Suppose -36658 + 12082 = -16*d. Let s = 2287 - d. What are the prime factors of s?
751
Let n(z) = -z**3 - 13*z**2 + 28*z - 23. Let o be n(-15). Let u be (o + (-18)/4)/(2/4). Suppose -2*q + 2 = u*m - 81, -2*m - 46 = -q. List the prime factors of q.
2, 11
Let u = 520 + -511. List the prime factors of (-270395)/(-369) + 2/u.
733
Let i(t) = -81*t - 3. Let b be ((-4)/(-16))/((-2)/8). What are the prime factors of i(b)?
2, 3, 13
Let s be (-2)/4 + (-99)/108*-6. Suppose -7*m + 2*m = f - 68, -2*f - s*m = -136. What are the prime factors of f?
2, 17
Suppose -3*k - 867 = 3*h, h = -3*k - k - 1168. Let o = -207 - k. List the prime factors of o.
2, 43
Suppose k = -k - 112. What are the prime factors of (-2780)/(-6) + 0 + k/42?
2, 3, 7, 11
Let c(j) = -252*j - 3044. What are the prime factors of c(-28)?
2, 17, 59
Suppose 3*j - 4*d - 83 = 0, 69 = 4*j - d + 4*d. Let t be ((-6)/(-8))/(-2 + j/12). List the prime factors of 1/(t*5/(-75)).
5
Let y be -5*1/(-5)*13. Let c be 2/y + (-640)/(-65) + -5. Let d(h) = 2*h**3 - 2*h**2 + 3*h - 15. List the prime factors of d(c).
2, 5
Let y(h) = -2*h**3 + 82*h**2 - 80*h - 113. What are the prime factors of y(38)?
3, 11, 167
Let o(x) = 39*x + 2532. Let t(j) = -13*j - 846. Let s(v) = 4*o(v) + 11*t(v). What are the prime factors of s(0)?
2, 3, 137
Suppose 7*p = 3*p + 144. Suppose 5*b - 20 = -2*w, 4*w + b - 4 = 18. List the prime factors of (-9630)/p*(-2)/w.
107
Let j(x) = 284*x + 543. List the prime factors of j(6).
3, 7, 107
Let t = -4197 + 8764. List the prime factors of t.
4567
Suppose 24 = -26*o + 154. Let b(k) = 2*k**3 + k**2 - 19*k + 16. What are the prime factors of b(o)?
2, 7
Let d be -5 - (420/(-6) - 0). What are the prime factors of 3/6 + d/2?
3, 11
List the prime factors of -555*(14 - (-160)/(-6)).
2, 5, 19, 37
Let r(g) = -3*g + 33. Let f be r(13). Let z be (-4 - -2)/((-7)/(189/f)). List the prime factors of 1616/18 + (-2)/z.
2, 3, 5
Let x = 708 + 718. Suppose -2*a - 1409 = -2*g + 19, 0 = -2*g + 4*a + x. List the prime factors of g.
5, 11, 13
Let m be -8*(2 - 0 - 32). Suppose 5*s - m = 195. Suppose 4*g - s - 225 = 0. What are the prime factors of g?
2, 3, 13
Suppose -2*u + 19*b = 22*b - 73025, 0 = 2*u - 2*b - 73010. List the prime factors of u.
2, 9127
Suppose -5*x + 4*j = -2528, 4*x + 2*j - 13 = 2025. Let n = x + -324. Suppose 22 - n = -2*v. What are the prime factors of v?
3
Suppose -3*q = 7*q - 30. Suppose -q*y - y - 1584 = -4*o, -o - 2*y + 387 = 0. List the prime factors of o.
3, 131
Suppose -12*c - 4 + 208 = 0. Let x be 146/(-2*(-3)/3). Let b = c + x. List the prime factors of b.
2, 3, 5
Suppose 3*x - x = -6*x. Suppose x*z = -z + q + 294, -4*q = 20. List the prime factors of z.
17
Suppose 6 = -2*o, 0 = 2*j + 41*o - 46*o - 5967. List the prime factors of j.
2, 3, 31
Let l = 1382 + -601. What are the prime factors of l?
11, 71
Let t(z) = 69*z - 44. Let b be t(6). What are the prime factors of (6*b/75)/((-8)/(-60))?
2, 3, 37
Let s(q) = 156*q - 546. What are the prime factors of s(9)?
2, 3, 11, 13
Let o = 322 + -158. Let v = 181 - o. What are the prime factors of v?
17
Let n(h) = h**2 + 10*h - 8. Let x(b) = -4*b + 25. Let c be x(9). Let z be n(c). Suppose -2*a + 24 = -4*l + l, 12 = -z*l. List the prime factors of a.
2, 3
Let u(q) = 7*q**2 + 56*q - 49. Let k(b) = -11*b**2 - 85*b + 74. Let h(t) = 5*k(t) + 8*u(t). List the prime factors of h(18).
2, 179
List the prime factors of (-74696 + 3/3)*(-5)/75*6.
2, 14939
What are the prime factors of -8 + (6 + (-68)/12)*76701?
61, 419
Let m be (5 + 99)*11/2. Let d = -309 + m. List the prime factors of d.
263
Suppose 10 = -2*i, 2*w - 2*i + 0 = 16. Let h(g) = 3*g**2 + 0*g + 3*g**2 - 4 - 436*g**3 + 435*g**3 + g. What are the prime factors of h(w)?
2, 13
Let r be (-2 + 7)/(8/8). Suppose -15 = -0*b - r*b - v, b - 12 = -2*v. Suppose b*m + 22 = 338. What are the prime factors of m?
2, 79
Let c(u) = u**3 - 22*u**2 + 31*u - 46. Let p be c(20). List the prime factors of p*(-4 - -5)/(-1).
2, 113
Let q(t) = 5*t**2 + 42*t + 79. Let k be q(-26). Suppose -h = -5*m + k, 2*m + 5*h - 94 - 842 = 0. What are the prime factors of m?
11, 43
Suppose -88*b - 31*b = -2893344 - 487327. What are the prime factors of b?
28409
Let i be -29 + ((4 - 9)/(-5) - 3). Suppose -2*g + 0*x - 2*x - 52 = 0, -2*g + 5*x - 31 = 0. Let a = g - i. List the prime factors of a.
2
Suppose 2*p - 4 = -6*h + 4*h, -2*p + 10 = -4*h. Suppose 2153 = 2*q + m, -2*m - p*m - 1082 = -q. List the prime factors of q.
3, 359
Let x = -589 - 